 24 + 16. What are the prime factors of r?
2, 5
Let y(j) = 2*j**2 + 5*j + 3. Let r = 1 - 4. What are the prime factors of y(r)?
2, 3
Suppose -17*n = -10*n - 1106. List the prime factors of n.
2, 79
Suppose 4*a + 2*x = -x + 323, 4*a - 344 = 4*x. List the prime factors of a.
83
Suppose -4*r + 19 = 3*s, 0*s = -s + r - 3. Suppose -s = -4*v - 25. What are the prime factors of ((-3)/v)/(1/24)?
2, 3
Let d(s) = -s**3 + 4*s**2 - 3*s + 2. Let w be d(3). Suppose -3 = -w*k + k. What are the prime factors of k?
3
Let n(p) = p**2 + 11*p - 10. Let w(y) = -y**2 - 11*y + 9. Let j(c) = 2*n(c) + 3*w(c). What are the prime factors of j(-8)?
31
Suppose -2*a + 3*z = 25, -30 = 3*a + z - 3*z. Let y = a + 16. Suppose 2 = d - y. What are the prime factors of d?
2, 5
Let r(d) = 2*d**2 - 2*d + 0*d**3 + d**2 + d**3 + 1. List the prime factors of r(3).
7
Suppose i + 90 = 6*i. Suppose -4*b = -b - i. Suppose 0 = -3*k + b*k - 27. List the prime factors of k.
3
Let r(p) = 9*p**2 - 9*p - 7. Let x(t) = 5*t**2 - 5*t - 4. Let i(f) = 4*r(f) - 7*x(f). Let g be i(0). Suppose 28 = 4*m - g. List the prime factors of m.
7
Let l(i) = i**2 + 6*i + 2. Let b be l(-5). Let c be (-32)/(-6) + 1/b. Suppose c*k - 34 = 16. List the prime factors of k.
2, 5
Let x = -327 + 575. What are the prime factors of x?
2, 31
Suppose -2*i + 39 = -1. What are the prime factors of i?
2, 5
Suppose -5*c = -0*c - 15. Suppose 5*s - 16 = -c*p, 3*p + 2*s - 1 = -0*p. List the prime factors of 1*(-35 + -1)/p.
2, 3
Suppose -3 = -o + 4. List the prime factors of o.
7
Let n(l) = l - 3. Let j be n(3). Let z = j + 13. List the prime factors of z.
13
Let v(r) = r + 5. Let y be v(-5). Let j = 16 - y. What are the prime factors of j?
2
Let z(t) = -t**3 - 9*t**2 - 9*t - 5. Let u be z(-8). Suppose 2*a - 12 = u*a. Let v = a - -22. What are the prime factors of v?
2, 5
Let h(d) = -d - d - 5 + d**2 + 0*d - 2*d. Let g be h(5). Suppose 6 = -g*n + n. What are the prime factors of n?
2, 3
Let q(a) = -5*a - 2 + 0 - 2. What are the prime factors of q(-3)?
11
Let n be 44/3 - 1/(-3). Suppose -40 + 12 = -14*f. Suppose 0 = -f*u + n + 23. What are the prime factors of u?
19
Let o = -60 - -121. What are the prime factors of o?
61
Suppose 0 = -4*k + h + 8, -5*k - 2*h + 10 = h. What are the prime factors of k?
2
Let c(x) = 6*x + 1. Let f be 4*(10/(-8) - -2). Let g = f + -2. What are the prime factors of c(g)?
7
Let h(t) = 27*t**2 + 2*t + 1. Let p be h(-1). List the prime factors of 446/p - 2/13.
17
Let s(d) = -11*d + 7*d + 4 + 8*d - 2 + 4*d**2. List the prime factors of s(-3).
2, 13
Let x = 12 - 0. What are the prime factors of x?
2, 3
Suppose -4*q + 3 = 2*w - 11, -3 = w - 3*q. Suppose -w*j + 8 + 1 = 0. List the prime factors of j.
3
Let z be 3/(2 + 1) - -2. Suppose 0 = 4*n + n - 15. Suppose -4 = r + z*j, -4*r = n*j - 17 - 12. List the prime factors of r.
11
Suppose 0 = 2*y - 7 - 3. Let q be 4/14 + 1285/35. Suppose -q = -y*i - 7. List the prime factors of i.
2, 3
Suppose -26 = -d + 59. List the prime factors of d.
5, 17
List the prime factors of -20*(0 + 4)/(-4).
2, 5
Let b be (8/4 + -3)*3. What are the prime factors of b/2*16/(-2)?
2, 3
Let l be (-648)/20 - (-2)/5. Let r = 21 + l. Let w = r - -15. What are the prime factors of w?
2
Let z(g) = 39*g - 29. What are the prime factors of z(4)?
127
Let a(i) = -i + 7. Let o be a(3). Let r = o + 2. List the prime factors of r.
2, 3
Suppose 29 = -2*t + 3*t. Suppose -2*o - 2*o = 5*q - 56, -t = -2*q + 5*o. List the prime factors of q.
2, 3
What are the prime factors of 30/(-180) + (4570/12)/5?
2, 19
Suppose -2*k = -5*n - 18, -17 = 2*n - 3*k - 1. Let x be (n - 1)/(-1 - 0). Suppose x*g = -14 - 1, -3*c + 2*g = -25. List the prime factors of c.
5
Let o = -97 - -143. What are the prime factors of o?
2, 23
Let o(q) = 3*q - 4. Let l = 10 + -6. Let u be o(l). Suppose 3*b = -2*y + 49, -b - y = -2*y - u. What are the prime factors of b?
13
Let h(y) = -6*y + 1. Let f(t) = -5*t + 1. Let s(a) = 3*f(a) - 4*h(a). What are the prime factors of s(3)?
2, 13
Let u be 7/14*(-1 + 33). Let o = 33 - u. What are the prime factors of o?
17
Let a(g) = g**2 + 4*g + 9. Let l be a(-4). Let q(p) = -p + 21. What are the prime factors of q(l)?
2, 3
Let z be (-137)/(-2) - (-1)/2. Suppose -3*q + 3*i = -z, q - 2*i = 4*q - 79. What are the prime factors of q?
5
Suppose 0 = 5*y - 28 + 8. Suppose 0 = x - y*x. Suppose x = 2*p + 14 - 60. List the prime factors of p.
23
Suppose 2*b = -2*d - 74, -5*d + 0*b - 145 = -3*b. Let r be (-15)/(-2)*d/(-24). Suppose 4*o = -o + r. List the prime factors of o.
2
Suppose 8 = -k - 2. Let m = k - -24. List the prime factors of m.
2, 7
Let p = -1 - -3. Let b = p - -2. List the prime factors of b/(-18) - (-148)/18.
2
Suppose 4 = 2*x - 0. Suppose 8*s + 9 = 11*s. Suppose -s*j + x = -4. What are the prime factors of j?
2
Let j = -94 - -144. List the prime factors of j.
2, 5
Suppose -3*b + 12 = -0. Suppose a + 1 = b. Suppose -n = -2*n + a. List the prime factors of n.
3
Let z = -17 + 29. Let k = z + -22. Let m = -6 - k. List the prime factors of m.
2
Let a be (3*-8)/(-2) - 2. Suppose 5*d + 0*d - a = 0. Let c(t) = 2*t**3 - t**2 - 2*t + 3. List the prime factors of c(d).
11
Suppose -5*j = 44 + 51. Let m = -6 - j. What are the prime factors of m?
13
Let d(u) = u. Let v(n) = 17*n - 1. Let a(p) = 5*d(p) - v(p). What are the prime factors of a(-2)?
5
Suppose 0*w = -w + 15. What are the prime factors of w?
3, 5
Let c be -4*2*(-1)/4. Suppose -c*n + 4*n = 4. What are the prime factors of (40/15)/(n/9)?
2, 3
Let g be (-3)/((-6)/28) + -2. Suppose 0*n = 3*n + 4*r - 15, 2*n + 2*r = g. Suppose -n = -4*m - 3*f, -m + 0*f = f - 1. What are the prime factors of m?
2, 3
What are the prime factors of -4 + (82 - (-2)/2)?
79
Let i = 69 - -213. What are the prime factors of i?
2, 3, 47
Suppose -4*f - 28 - 4 = -5*r, 0 = -2*f + 2*r - 14. Let s be 24 - (-3)/(9/f). Suppose -3*i + s = -34. List the prime factors of i.
19
What are the prime factors of 2 - -47*(-1 - -2)?
7
What are the prime factors of 2*6*(-9)/(-4)?
3
Let p(n) = n + 2. Let c be p(17). Let v = 53 - c. What are the prime factors of v?
2, 17
Suppose 0 = 7*l - 5*l - 604. List the prime factors of l.
2, 151
Let h = -23 - -37. What are the prime factors of h?
2, 7
Let i(y) = 0*y - 3 + y + y**2 + 2*y. Let j be i(-4). List the prime factors of (j - 1 - 0) + 2.
2
Let h be (-1 + 82)/((-6)/(-4)). Suppose -4*a + 7*a = h. What are the prime factors of a?
2, 3
Let c(i) = -14*i + 1. Let u(z) = -27*z + 2. Let m be ((-11)/(-4))/((-1)/(-4)). Let l(w) = m*c(w) - 6*u(w). List the prime factors of l(1).
7
Let z = 4 - -2. Suppose 4 + z = a. Suppose -8 - a = -2*r. What are the prime factors of r?
3
Let y(t) = 3*t**2 + 7*t + 11. List the prime factors of y(-10).
241
Let m = -9 + 14. What are the prime factors of m?
5
Let x(y) = y**2 - 2*y + 3. Let m be x(2). Let b be 3 - 1 - (m + -1). Suppose l = -5*j + 5, b*j - 5*j + 20 = 4*l. What are the prime factors of l?
5
Suppose -2*p - 18 = -2*w, 0 = 2*w - 0*p - p - 13. Let m = w - 4. Suppose -4*g - 2*h = m, -2 = -4*g + 3*h + 18. List the prime factors of g.
2
Suppose 650 = -105*i + 110*i. What are the prime factors of i?
2, 5, 13
Suppose 320 = r + 4*i + 36, 2*i + 308 = r. List the prime factors of r.
2, 3, 5
Suppose -154 = -5*d + 236. What are the prime factors of d?
2, 3, 13
Let j(f) = 3*f - 10. Let w be j(8). List the prime factors of w - 8/(-20)*-5.
2, 3
Suppose 0 = -4*r - 5*t - 12, -12 = -2*r + t + t. Suppose 2 - 4 = -r*i. What are the prime factors of 8/(0 + 2 - i)?
2
Let s(g) = 6*g - 1. Let v = -7 - -13. List the prime factors of s(v).
5, 7
Let i = 1 + -2. Let t be i + 2 + -1*3. Let b = t + 7. List the prime factors of b.
5
Suppose -4*i - 26 = -2*k, k + 2 + 1 = -2*i. Suppose y - 4*g + 5*g - 10 = 0, g = 4*y - 25. Let c = y + i. List the prime factors of c.
3
Let k(h) be the second derivative of h**5/10 - h**4/4 - h. Suppose -3*x - 4 = -5*x. List the prime factors of k(x).
2
Suppose -4*g = -5*g + 10. Suppose -4*s = -g - 22. List the prime factors of s.
2
Suppose -9*s + 3*c + 363 = -6*s, 5*c = s - 133. What are the prime factors of s?
2, 59
Let p(l) = -l**3 - 2*l**2 + 4*l - 5. Let f be -1 + 0 - (-4 - 1). Suppose -15 = f*k + 1. List the prime factors of p(k).
11
Suppose z - 4*y - 20 = 0, -33 - 13 = -3*z + 5*y. Suppose -4*w + 16 = -z. Suppose w = 2*a + 